 ((-8)/(-10))/((-8)/(-260)). Suppose -c*b = -28*b + 108. List the prime factors of b.
2, 3
Let w = -1551 - -2195. Suppose 14*g = 18*g - w. What are the prime factors of g?
7, 23
Let w be ((-792)/(-20) + 0)*(-80)/12. What are the prime factors of w*((-54)/8 + 2 + 4)?
2, 3, 11
Let u be 4 + (-1)/((-2)/56). Suppose -12*p = -8*p - u. List the prime factors of p.
2
Let x(q) = 121*q**2 - 69*q - 4. What are the prime factors of x(-7)?
2, 3, 89
Let u(d) = 54*d**2 - 7*d - 31. What are the prime factors of u(-8)?
59
Suppose -8*i = -6641 - 11087. List the prime factors of i.
2, 277
Let x be 2/1*(-25)/(-10). Suppose x*o + 5*v = -10 + 35, 2*v + 2 = 4*o. Suppose 200 = -o*y + 7*y. List the prime factors of y.
2, 5
Let u be 3/(-2)*(-340)/6. Suppose u = 5*y - c, 2*y - 12 = -4*c + 22. List the prime factors of y.
17
Let o(d) = 416*d + 64. List the prime factors of o(6).
2, 5
Let s(o) = 29*o**2 + 11*o + 15. List the prime factors of s(-3).
3
Let r(z) = -z**3 + 19*z**2 - z + 22. Let i be r(19). Let g be (0 + 0)/(-1) + 6. Suppose 4*a + g*s - 63 = 3*s, 3*a = -i*s + 45. List the prime factors of a.
2, 3
Let o(v) be the first derivative of 2*v**4 - v**3/3 + v**2/2 - v + 5. Suppose -17 = -3*y + 2*y - 4*c, 0 = 5*y - 4*c + 11. List the prime factors of o(y).
7
Let k = 6 + -3. Suppose k*w - w - 4 = 0. List the prime factors of (-6)/(w - -1) + 20.
2, 3
Let c be 9 - (25 - 11) - -31. Let u be (1 - -1)*6/4. Suppose 4*d = 3*l - 41, 0 = -0*l - 2*l + u*d + c. List the prime factors of l.
19
Let y(s) = -2*s**3 + 34*s**2 - 25*s + 19. List the prime factors of y(15).
2, 17
Suppose 3*g + 2*g = 75. Suppose 0 = -3*a - 5*t - g, t + 3*t = -5*a - 12. Suppose -160 = -3*v + r, a = -0*r + r + 4. What are the prime factors of v?
2, 13
Let b(x) = -x**3 - 7*x**2 + 8*x - 4. Let a be b(-8). Let s(g) = 3*g**2 + 3*g**2 - 5*g**2 - 5. List the prime factors of s(a).
11
Let p(f) = 21*f - 19. List the prime factors of p(24).
5, 97
Let c(y) = 7*y + 268. What are the prime factors of c(46)?
2, 5, 59
Let n(i) be the first derivative of -i**3/3 - 31*i**2/2 - i - 43. List the prime factors of n(-23).
3, 61
Suppose -4*k - 9 = -k. Let r be (-4)/6 - (-16)/k. List the prime factors of 3 + -1 - 3*r.
2, 5
Let g = -10 + 8. What are the prime factors of -10 + 37 + 4/g?
5
What are the prime factors of ((-3)/(-5))/((-519354)/27335 + 19)?
3, 7, 71
Let m = 87 - -644. List the prime factors of m.
17, 43
Suppose -3*q + 43 + 83 = 0. Let y = q + -1. List the prime factors of y.
41
Suppose -2*g + 2*w + 52 = 0, 4*g + 0*w + 2*w = 92. Let k = 116 - 68. Suppose g = y + j + 3*j, 2*j + k = y. What are the prime factors of y?
2, 5
Let k = 4153 - 1233. List the prime factors of k.
2, 5, 73
Suppose -8*w - s = -6*w - 873, 0 = -5*s - 5. What are the prime factors of w?
19, 23
Suppose 0 = 20*x - 16*x - 1596. List the prime factors of x.
3, 7, 19
Let n(p) be the second derivative of 55*p**4/6 - p**3/3 - 3*p**2/2 - 4*p - 3. What are the prime factors of n(-1)?
109
Let q be (-363)/(-55) + (-4)/(-10). Let b(v) = v**2 - 2*v**2 + 4*v - v + 5*v. What are the prime factors of b(q)?
7
Let d = 2 - -3. Suppose 967 = -d*v - 113. What are the prime factors of (-2)/(-7) + v/(-28)?
2
What are the prime factors of 21/(-2)*13890/(-45)?
7, 463
Suppose 4*m + 8 = 0, -2*j + 2*m + 117 = -j. Let a = 230 - j. Suppose -a = -5*r - 37. What are the prime factors of r?
2
Suppose -25*i + 13163 + 2062 = 0. List the prime factors of i.
3, 7, 29
Let j(g) = g**2 + 10*g + 985. What are the prime factors of j(0)?
5, 197
Let v(b) = 3 - 2 + b + 5*b**3 - 2*b. Let n be v(1). Suppose 4*i = 16, 70 - 299 = -n*r - i. List the prime factors of r.
3, 5
Let y = -5 + 8. Suppose -y*r + 540 = 6*r. List the prime factors of r.
2, 3, 5
Let y be -1*5/(-10)*-26. Suppose 0*v - 72 = 3*v. Let x = y - v. What are the prime factors of x?
11
Let w be (-6)/(-12) + 3/2. Suppose 4*b - 4 + w = 2*o, -11 = 3*b - 4*o. Let i = 22 - b. List the prime factors of i.
19
Suppose -3*n - 225 = -3*o, -4*o + 368 = o + 2*n. Let g = o + -13. List the prime factors of g.
61
Suppose 0 = 5*s - 4*c - 1593 - 292, 4*c - 726 = -2*s. List the prime factors of s.
373
Suppose -4*t + 4*z + 7165 = 5*z, -3*t + 5350 = -4*z. What are the prime factors of t?
2, 5, 179
Suppose 10 = -b + 14. Suppose b*f = 1469 - 481. List the prime factors of f.
13, 19
Suppose 3*c - 5*j = -19, -4*j + 10 = -c - 4*c. What are the prime factors of 3 + 198 + c + 2?
5, 41
Suppose 0 = -7*q + 2*q + 45. Suppose 4*p + 3*x - q = 0, 0 = -p - 0*p - 3*x + 9. Let w = p + 16. List the prime factors of w.
2
Suppose 210 = -0*j - 3*j. Let r = j + 152. What are the prime factors of r?
2, 41
Let b(f) = -14*f. Let n be b(-1). Suppose -v + n = -0*v. List the prime factors of (8/v)/((-8)/(-868)).
2, 31
Let q(z) = 189*z + 15. List the prime factors of q(3).
2, 3, 97
Let y = -4361 - -7629. List the prime factors of y.
2, 19, 43
Suppose -3*f = -g + 10, -3*f - 14 = 5*g - 4*g. List the prime factors of 72*(-7)/g - (-2 + 1).
11, 23
Let v be 55/15 + (-4)/6. Let m(k) = 5 + 24*k + 6 - 8. List the prime factors of m(v).
3, 5
Let u = -225 + 120. List the prime factors of 6/(-45) - 1799/u.
17
Let g be (-24)/15*5/2. Let n be 0 + -3 + (-208)/g. Let c = n + 1. List the prime factors of c.
2, 5
Suppose 2*f - 3*w - 50 = 0, 3*w - 107 = -5*f + 6*w. Suppose o + f = 2*o. List the prime factors of o - 5/((-15)/(-9)).
2
Let w(d) = 87*d**3 - 2*d - 2. Let m be w(-1). Let k = -26 - m. What are the prime factors of k?
61
Let y(w) = 11*w + 16. Let h = -49 + 54. What are the prime factors of y(h)?
71
Suppose -3*z = -5*o - 8849, -2978 = -z - 6*o + 2*o. What are the prime factors of z?
2, 3, 17, 29
Let f(r) = 10*r - 17*r + 1 + 9*r. Let g be f(1). Suppose -5*n - 3*q = -220, 0*q - 15 = g*q. What are the prime factors of n?
47
Let g = 1026 + -192. What are the prime factors of g?
2, 3, 139
Let g(s) = 45*s - 15. List the prime factors of g(9).
2, 3, 5, 13
Let m(t) = -17*t - 7 - t**2 + 12 + 38*t. List the prime factors of m(20).
5
Let l = -101 + 105. Suppose w = 0, -l*q + 332 = -0*q + 5*w. What are the prime factors of q?
83
Let p(h) = 6*h**2. Let f(u) = u + 4. Let w be f(-6). List the prime factors of p(w).
2, 3
Let k = -8 - 1. Let s be 3*(-3)/k - 113. List the prime factors of s/(-12)*3/2.
2, 7
Let w = 126 + -122. Suppose 1220 = w*i - 4*t, 3*t - 1509 = -i - 4*i. What are the prime factors of i?
3, 101
Suppose 39*p = 34*p + 770. Let o = p + -80. List the prime factors of o.
2, 37
Let p = 74 + 98. Suppose -b + 3*f + 184 = 0, -p = -b - f + 8. List the prime factors of b.
181
Let j = -22 - -31. Suppose 0 = -4*s + 2*s - 5*p + 248, -s = -5*p - 154. Suppose 0 = -4*t - 5*u + s, -4*t + 3*u + 109 + j = 0. List the prime factors of t.
31
Let m(s) = 2*s + 9. Let r be m(-8). Let k = r + 48. What are the prime factors of k?
41
Suppose 0 = -4*p - 28 + 76. Suppose -p = 12*c - 15*c. What are the prime factors of (c/(-5))/(4/(-90))?
2, 3
Let z = -1926 - -2558. What are the prime factors of z?
2, 79
Let x be -1 - (0/4 - 2). Suppose -11 = 4*z + x. What are the prime factors of (1 - z/(-2))*-44?
2, 11
Let o(q) = q**2 + 10*q - 28. Let j be o(-13). Let z(l) = l**3 - 10*l**2 - 10*l + 5. List the prime factors of z(j).
2
Let k = -1811 - -1870. List the prime factors of k.
59
Suppose -4*j + 135 = -9*j. Let b = j + 42. What are the prime factors of b?
3, 5
Suppose 4*u = 3*j + 717, 0 = -3*u + u + 4*j + 366. Suppose -l = -v - 51, -2*l = -5*l - 5*v + u. List the prime factors of l.
2, 3
Suppose 0 = -y - p + 5398, 15*y + 2*p = 16*y - 5410. List the prime factors of y.
2, 37, 73
What are the prime factors of 6/(-21) + 25525/35?
3
Let p be (-8)/(-28) + (-680)/28. Let b = p - -28. Suppose 0 = -b*k - q + 2*q + 316, 0 = 3*k + 5*q - 260. What are the prime factors of k?
2, 5
Let m(n) = 4*n**2 - 2*n - 6. Let c = 10 + 2. Let y = -9 + c. List the prime factors of m(y).
2, 3
Suppose 0 = 3*l - 2*l - 2*v + 13, 0 = 3*l + 2*v + 7. Let a = 10 + l. Suppose 93 = a*x - 177. What are the prime factors of x?
2, 3
Let h = 79 - 78. What are the prime factors of -1 + 3 + h + 124?
127
Suppose h = -v + 344, -5*h + 4*v + 181 + 1566 = 0. Let w = h + -217. List the prime factors of w.
2, 5, 13
Suppose -2*l - 44 = 2*o, 0*o + 4*o + 5*l = -83. What are the prime factors of 78 + (-8)/(-32) + o/12?
2, 19
Suppose 6*c + 8890 = 13*c. Suppose 0 = 2*s + 8*s - c. L